ivative of z**3/6 + z**2/2 - 173*z. Suppose 3*j - s - 48 = -0*s, 0 = 5*j - s - 78. Let o be j/(-10)*(-1 - 1). What is c(o)?
4
Let f(h) = -h**2 + h + 3. Suppose 0 = 3*i - 3. Let n(u) = u - 1. Let v(j) = i*f(j) + 3*n(j). Determine v(3).
3
Let s(u) = 2*u + 2. Let x be s(-4). Let y be (-4)/(0 - (-3)/x). Let i(g) = -y*g + 15*g - 8*g. Calculate i(1).
-1
Let b(j) = j**2 + 3*j - 4. Suppose 151 = 4*n + 3*i, 8*n + 4*i - 148 = 4*n. Suppose 0 = 2*a + 10, 0 = -y + 4*y + 5*a + n. What is b(y)?
6
Suppose -4*i - 215 = -g, -4*i - 213 = -4*g + g. Let y = -50 - i. Let a(q) be the second derivative of -q**3/2 + 5*q**2/2 + q. Calculate a(y).
-7
Let p(k) = -4 + 4*k + 2*k - 5*k - 3*k + 4*k. Determine p(3).
2
Let h(t) be the third derivative of -23*t**4/24 + t**3/6 + 4*t**2 - 33*t. Determine h(2).
-45
Let d(j) = 64706 - 64706 - 7*j**2 + 2*j. What is d(-1)?
-9
Let x be -3 + (-20)/(-2) - (-6)/(-3). Let k(v) = -v**2 + 5*v + 5. Determine k(x).
5
Let k(m) = -3*m + 16. Let j(q) = -q + 6. Let y(l) = -8*j(l) + 3*k(l). Suppose -4*u - 8 = -36. Suppose 0 = -3*t + u*t + 12. Give y(t).
3
Let h = 163 - 137. Let c be 378/(-91) - (-4)/h. Let u(d) be the second derivative of -d**3/3 - 3*d**2/2 + d. Determine u(c).
5
Let b(y) = 108*y**2 - 205*y**2 + 0*y - 4 + 98*y**2 - 2*y. Let s = 4 - 1. Determine b(s).
-1
Let m(t) = 3*t**3 - t**2 - t. Let k(l) = 8*l**3 - l**2 - 2*l. Let o(f) = -2*k(f) + 5*m(f). Give o(-3).
3
Let n(r) = -3*r + 1. Suppose 324*d + 18 = 330*d. Determine n(d).
-8
Suppose 0 = 5*d + i - 3*i - 14, 0 = -2*d - 2*i + 14. Let r(g) = -g - 4 + 2*g - 5 - d. What is r(6)?
-7
Let v = 14 - -7. Let d be (v/(-4))/7*(-1 - -5). Let y(m) be the first derivative of m**2/2 - m - 2. Calculate y(d).
-4
Suppose 0 = 3*a - 8 + 2. Let q be (1 - 3)*(-1)/a. Let c(k) = 3*k**3 - k + 1. Give c(q).
3
Let g(z) = z - 14. Let h(w) = -50*w + 360. Let j be h(7). Calculate g(j).
-4
Let z(v) = -v**3 + 2*v**2 + 6*v - 1. Let d(y) = 11*y - 227. Let b be d(21). What is z(b)?
-9
Let l be 8/28*7*1. Let i(y) = -5*y**3 - 7*y**2 - 6*y - 2. Let p(v) = -4*v**3 - 6*v**2 - 5*v - 2. Let c(u) = 5*i(u) - 6*p(u). What is c(l)?
-2
Let c = 407 - 404. Let l(o) = -4*o - 7. What is l(c)?
-19
Let r(d) be the third derivative of -d**6/120 + d**4/8 + d**3/3 - 295*d**2. Let u(c) = -c + 2. Let h be u(4). Give r(h).
4
Let y(v) be the second derivative of v**4/24 - 5*v**3/6 - 7*v**2 + 15*v. Let u(g) be the first derivative of y(g). Calculate u(0).
-5
Suppose 53*v + 532 = -23*v. Let n(s) = -s**3 - 8*s**2 - 8*s + 2. Give n(v).
9
Let d be (-9)/(-6)*(-4)/(-3). Suppose 0 = j + d*l + 22, 2*j = 2*l - 0*l - 14. Let z be (-6)/j*(7 - 1). Let g(m) = -m + 1. Give g(z).
-2
Let j = -5 + 16. Let o = j + -7. Let b(p) = p + 4*p**2 - 3*p**2 - 4*p + 5 - 2*p. What is b(o)?
1
Let j(r) = 0 - 4*r**2 - 4 + 97*r + 3*r**2 - 96*r. Give j(0).
-4
Let i(u) be the first derivative of 1/3*u**3 - 7/2*u**2 - 10*u + 4. Calculate i(8).
-2
Let i(m) be the second derivative of m**3/6 + 27*m**2/2 + 21*m + 4. Calculate i(0).
27
Let a(y) = -y + 4. Let w(f) = f**3 + 9*f**2 + 13*f + 5. Let i be w(-7). Suppose 3*b + b = -i. What is a(b)?
7
Let p(v) be the third derivative of v**7/1680 - v**6/240 + 19*v**5/60 - 13*v**2. Let s(f) be the third derivative of p(f). What is s(5)?
12
Let y = 4 + -3. Let z(b) be the second derivative of 7*b**4/6 + b**2/2 - 6*b. Determine z(y).
15
Suppose 7 = -f + 5. Let j(u) = -u**3 - 10*u**2 + u + 12. Let k be j(-10). Let x(p) = 5 - 8 - p + k. Calculate x(f).
1
Let z(f) = -f**2 + 2*f - 2. Let c(b) = 16*b - 187. Let x be c(12). Give z(x).
-17
Let i(x) = -18 + 1 + 3*x + 23*x**2 - 35*x**2 + 13*x**2 - 2*x. Give i(3).
-5
Let j(s) = -s**2 + s + 5. Let f = -6 - 20. Let k = f - -26. Determine j(k).
5
Let l(x) be the second derivative of 0*x**2 - 1/3*x**3 + 1/6*x**4 + 1/20*x**5 + 21*x + 0. What is l(-3)?
-3
Let c be 994/56 + (-1)/(-4). Let l = c + -21. Let f(q) = -q**3 - 2*q**2 + q + 3. Calculate f(l).
9
Let f(x) = -3*x + 3. Let a be (-2)/(-4) + 42/12. Let w be (-2)/(((-4)/(-2))/(a/(-2))). Give f(w).
-3
Let h = 3 + 26. Suppose 0 = -10*q - h + 9. Let p(d) be the first derivative of -d**4/4 - d**3/3 - d**2 - d - 3. Determine p(q).
7
Suppose 4*a + 8 = -0*a. Let p(y) be the first derivative of 2/3*y**3 + y**2 + 3 - y. Give p(a).
3
Let l(c) = 9*c - 28*c - 9*c**3 + 112 + 16*c - 113 - 2*c**2. Calculate l(-1).
9
Let g(y) be the second derivative of y**3/3 - 3*y**2/2 + y. Let t = -44 - -89. Let j = t - 42. Determine g(j).
3
Let r(b) = -b**3 - 6*b**2 + 5*b - 2. Let x(o) = -2*o**3 - 12*o**2 + 9*o - 5. Let q(n) = -11*r(n) + 6*x(n). Let u = 14 + -20. What is q(u)?
-2
Let b(d) be the third derivative of d**5/60 + d**4/12 + d**2. Suppose 4*y - 2*i + 9 + 7 = 0, 5*i = 4*y + 22. Determine b(y).
3
Let h(r) = -3*r**3 + 16*r**2 - 3*r - 6. Let f be h(5). Suppose 13*t + f = 9*t. Let y(w) = 10*w**2 - w - 1. Give y(t).
10
Let o = -957 - -950. Let c(g) = g**3 + 7*g**2 - 5*g + 3. Calculate c(o).
38
Let s(l) = -l**2 + l - 3. Let n(j) = -8*j + 12. Let m be n(0). Let f be 3/(-9) - (-4 + 44/m). Determine s(f).
-3
Let f(h) = 3*h**2 - h + 1. Let y(v) = 17*v**2 - 5*v + 6. Let u(z) = -11*f(z) + 2*y(z). What is u(0)?
1
Let m(q) = -5 - 15580*q + 2*q**2 + 15571*q - 3*q**2. Let x be (2/2)/((-2)/14). Give m(x).
9
Let k(s) be the second derivative of -s**6/720 - 7*s**5/120 - 7*s**4/12 + s. Let u(i) be the third derivative of k(i). Calculate u(-6).
-1
Let o be (-1 + -1)/((-11)/44). Let g(m) = -m**2 + 7*m - 12. Determine g(o).
-20
Let h(z) = 5*z**3 - 5*z**2 + z - 1. Let t(n) = -14*n**3 + 15*n**2 - 4*n + 2. Let k(m) = 17*h(m) + 6*t(m). Calculate k(-6).
1
Let h = 383 - 377. Let a(x) = x + 8. Let b be a(-6). Let q(j) = j**2 - 3*j - 5*j + b*j + 7. What is q(h)?
7
Let f(b) = -b**2 + 4. Suppose 11*v - 8*v = -39. Let x = v - -8. Determine f(x).
-21
Let c(i) = i**2 - 7*i + 1. Let h be (18/(-10))/((-6)/20). Let n be c(h). Let f(d) = d**3 + 5*d**2 + 5. Let z be f(n). Let r(u) = -u + 3. What is r(z)?
-2
Let o(r) = 19*r**2 - 14*r + 3. Let v(g) = 22*g**2 - 16*g + 3. Let y(q) = -7*o(q) + 6*v(q). What is y(0)?
-3
Let g = 31 - 22. Let j(a) = -7*a**2 + a**3 + g*a**2 - 1 - 2*a**2 - a + a**2. What is j(0)?
-1
Let g = -58 + 53. Let v be (-3)/g + (-116)/10. Let k(j) = j. What is k(v)?
-11
Let h(x) = -1 - 23 + 21 + 0*x**2 + x**2. Suppose -4*w + 20 = 5*j, 2*j = -3*w + 4*w - 5. Determine h(j).
-3
Let v(j) = -2*j**2 + 2*j + 1. Let n = -878 - -880. Determine v(n).
-3
Let w(d) be the first derivative of -3*d**3 + d**2 + d - 25. Suppose -2*y - 2*u = 2, 0*y + 2 = -2*y + 2*u. Give w(y).
-10
Let v(w) = 3*w + 8 + 0 - 6. Let g(r) = 7*r + 3. Suppose 24 = -5*q + 4. Let b(t) = q*g(t) + 9*v(t). What is b(0)?
6
Let k(m) = -4*m**3. Let w be (-1)/(2/(-6)) + 27. Suppose -w + 25 = 5*p. What is k(p)?
4
Let g(k) = -k**3 - 4*k**2 + 3*k + 6. Suppose -5*t + 366 = -4*z, 4*t + 4*z - 72 - 192 = 0. Let u be t/(-21) - (-4)/(-6). What is g(u)?
-6
Suppose 4*z + 139 = 127. Let d(l) = -9*l - 6. Give d(z).
21
Let b(u) = 223 - u**2 - 218 - u - 5*u. Let x(g) = -2*g**2 - 12*g + 10. Let o(m) = 5*b(m) - 3*x(m). Determine o(-8).
11
Let i(b) = b**2 - 10*b - 1. Let n be (-1 + (-12)/21)*-7. What is i(n)?
10
Let u(a) be the second derivative of 1/12*a**4 - a**2 + 3*a + 2/3*a**3 + 0. Determine u(-5).
3
Let f = 75 + 73. Let q(d) = 73*d**3 + 3*d - f*d**3 - 7 + 74*d**3 - 4*d**2. Give q(-5).
3
Suppose -m + 106*b = 101*b + 24, 4*b = -3*m + 23. Let t(a) = -4*a**2 + 2*a - 2. What is t(m)?
-4
Let f(k) = 2*k**2 - 6*k - 5. Let u(s) = -5*s**2 + 10*s + 10. Let m(i) = 7*f(i) + 3*u(i). What is m(-12)?
-5
Suppose 163 - 157 = -i. Let p(y) = -2*y - 10. Calculate p(i).
2
Let f(d) = -2 - 4 + d**2 - 2*d + 2*d + 10*d - 4*d. Suppose -v = -7*p + 3*p - 2, -5*v - 32 = p. Calculate f(v).
-6
Let g = 14 + 0. Suppose 0 = 9*h - g*h. Let s(q) = q**3 + q**2 - 2. Let p be s(h). Let r(w) = -9*w - 1. Give r(p).
17
Let c(h) = -44*h + 3. Let l be c(-1). Let i = -65 - -113. Let o(a) = 1 + i*a - 1 - l*a. Calculate o(-3).
-3
Let f(g) be the second derivative of 11*g**3/6 + g**2/2 - 36*g. Let y = 73 - 72. Give f(y).
12
Let d(x) = -2*x - 3. Let p be 14/(-56)*4*(-1 - 0). Determine d(p).
-5
Let p(y) be the first derivative of -y**4/8 + y**3 - 3*y**2 + 3. Let s(a) be the second derivative of p(a). Let v(l) = l - 7. Let m be v(11). Give s(m).
-6
Let a(i) = 13*i - 6*i - 2 - 14*i + 6*i. Calculate a(-15).
13
Let t(